{"id":1077,"date":"2020-03-11T09:00:30","date_gmt":"2020-03-11T09:00:30","guid":{"rendered":"http:\/\/scielarki.pl\/?page_id=1077"},"modified":"2024-03-13T12:36:54","modified_gmt":"2024-03-13T12:36:54","slug":"typ-se","status":"publish","type":"page","link":"http:\/\/scielarki.pl\/?page_id=1077","title":{"rendered":"Typ SE"},"content":{"rendered":"<p>[vc_row css_animation=&#8221;&#8221; row_type=&#8221;row&#8221; use_row_as_full_screen_section=&#8221;no&#8221; type=&#8221;full_width&#8221; angled_section=&#8221;no&#8221; text_align=&#8221;left&#8221; background_image_as_pattern=&#8221;without_pattern&#8221;][vc_column][vc_column_text]<\/p>\n<h1><span style=\"color: #ff6600;\">\u015acielarka typ SE<\/span><\/h1>\n<p>[\/vc_column_text][\/vc_column][\/vc_row][vc_row css_animation=&#8221;&#8221; row_type=&#8221;row&#8221; use_row_as_full_screen_section=&#8221;no&#8221; type=&#8221;grid&#8221; angled_section=&#8221;no&#8221; text_align=&#8221;left&#8221; background_image_as_pattern=&#8221;without_pattern&#8221; z_index=&#8221;&#8221;][vc_column width=&#8221;1\/2&#8243;][vc_empty_space][vc_column_text]<\/p>\n<p class=\"western\">Maszyna do \u015bcielenia SE o nap\u0119dzie elektrycznym posiadaj\u0105ca dwa akumulatory 12 V. Maszyna musi by\u0107 popychana r\u0119cznie. Elektryczne mieszad\u0142o zapobiega zawieszaniu si\u0119 materia\u0142u, a przeno\u015bnik ta\u015bmowy rozprowadza wy\u015bci\u00f3\u0142k\u0119\/ preparat do suchej dezynfekcji do wygrodzenia dla byd\u0142a. Pr\u0119dko\u015b\u0107 ta\u015bmy mo\u017cna p\u0142ynnie regulowa\u0107, dzi\u0119ki czemu dozowanie wy\u015bci\u00f3\u0142ki jest niezwykle precyzyjne. Ilo\u015b\u0107 wy\u015bci\u00f3\u0142ki do rozrzucenia mo\u017cna precyzyjnie ustawi\u0107 za pomoc\u0105 mechanicznej zasuwy dozuj\u0105cej.<\/p>\n<p>[\/vc_column_text][vc_empty_space][vc_column_text]<\/p>\n<p class=\"western\"><strong>Specyfikacja techniczna<\/strong><\/p>\n<p>[\/vc_column_text][vc_single_image image=&#8221;1227&#8243; img_size=&#8221;large&#8221; alignment=&#8221;center&#8221; onclick=&#8221;link_image&#8221; qode_css_animation=&#8221;&#8221;][vc_empty_space][vc_column_text]\u2022 Rozrzut w lewo i w prawo<br \/>\n\u2022 P\u0142ynna regulacja ta\u015bmy<br \/>\n\u2022 Ilo\u015b\u0107 wy\u015bci\u00f3\u0142ki regulowana za pomoc\u0105 mechanicznej zasuwy dozuj\u0105cej<br \/>\n\u2022 Posiada przeno\u015bnik \u015blimakowy, kt\u00f3ry miesza np. kred\u0119 i preparat do dezynfekcji podczas rozrzutu<br \/>\n\u2022 Uchwyt z regulacj\u0105 wysoko\u015bci<br \/>\n\u2022 2 x Silnik elektryczny 24 V<br \/>\n\u2022 2 x akumulator AGM 12 V (bezobs\u0142ugowy)<br \/>\n\u2022 \u0141adowarka akumulatorowa w zestawie<br \/>\n\u2022 Opony pompowane 4,00 x 8<br \/>\n\u2022 Malowane proszkowo farb\u0105 podk\u0142adow\u0105 i nawierzchniow\u0105<\/p>\n<p>&nbsp;<\/p>\n<p><strong>Opcje<\/strong><\/p>\n<p>\u2022 Du\u017ce ko\u0142a 5,00 x 8<br \/>\n\u2022 Zestaw obrotowy (trzecie ko\u0142o)[\/vc_column_text][vc_empty_space][vc_empty_space][vc_empty_space][vc_empty_space][\/vc_column][vc_column width=&#8221;1\/2&#8243;][vc_empty_space][vc_single_image image=&#8221;1690&#8243; img_size=&#8221;400&#215;250&#8243; alignment=&#8221;center&#8221; onclick=&#8221;link_image&#8221; qode_css_animation=&#8221;&#8221;][vc_empty_space][vc_single_image image=&#8221;1699&#8243; img_size=&#8221;400&#215;250&#8243; alignment=&#8221;center&#8221; onclick=&#8221;link_image&#8221; qode_css_animation=&#8221;&#8221;][vc_empty_space][vc_single_image image=&#8221;1689&#8243; img_size=&#8221;400&#215;250&#8243; alignment=&#8221;center&#8221; onclick=&#8221;link_image&#8221; qode_css_animation=&#8221;&#8221;][vc_empty_space][vc_video link=&#8221;https:\/\/www.youtube.com\/watch?v=DcWJ-oPpuyk&amp;feature=emb_logo&#8221; el_width=&#8221;70&#8243; el_aspect=&#8221;43&#8243; align=&#8221;center&#8221;][vc_empty_space][\/vc_column][\/vc_row][vc_row css_animation=&#8221;&#8221; row_type=&#8221;row&#8221; use_row_as_full_screen_section=&#8221;no&#8221; type=&#8221;full_width&#8221; angled_section=&#8221;no&#8221; text_align=&#8221;left&#8221; background_image_as_pattern=&#8221;without_pattern&#8221;][vc_column]<div class='qode_image_gallery_no_space light highlight_active'><div class='qode_image_gallery_holder' style='height: 200px;'><ul  ><li  ><div style=\"height: 200px; width:267px;\"><a itemprop=\"image\" class=\"prettyphoto\" data-rel=\"prettyPhoto[rel-1111542194]\" href=\"http:\/\/scielarki.pl\/wp-content\/uploads\/2024\/03\/SE1.jpg\"><img decoding=\"async\" itemprop=\"image\" src=\"http:\/\/scielarki.pl\/wp-content\/uploads\/2024\/03\/SE1.jpg\" alt=\"\" \/><\/a><\/div><\/li><li  ><div style=\"height: 200px; width:151px;\"><a itemprop=\"image\" class=\"prettyphoto\" data-rel=\"prettyPhoto[rel-1111542194]\" href=\"http:\/\/scielarki.pl\/wp-content\/uploads\/2024\/03\/SE2.jpg\"><img decoding=\"async\" itemprop=\"image\" src=\"http:\/\/scielarki.pl\/wp-content\/uploads\/2024\/03\/SE2.jpg\" alt=\"\" \/><\/a><\/div><\/li><li  ><div style=\"height: 200px; width:267px;\"><a itemprop=\"image\" class=\"prettyphoto\" data-rel=\"prettyPhoto[rel-1111542194]\" href=\"http:\/\/scielarki.pl\/wp-content\/uploads\/2024\/03\/SE3.jpg\"><img decoding=\"async\" itemprop=\"image\" src=\"http:\/\/scielarki.pl\/wp-content\/uploads\/2024\/03\/SE3.jpg\" alt=\"\" \/><\/a><\/div><\/li><li  ><div style=\"height: 200px; width:267px;\"><a itemprop=\"image\" class=\"prettyphoto\" data-rel=\"prettyPhoto[rel-1111542194]\" href=\"http:\/\/scielarki.pl\/wp-content\/uploads\/2024\/03\/SE4.jpg\"><img decoding=\"async\" itemprop=\"image\" src=\"http:\/\/scielarki.pl\/wp-content\/uploads\/2024\/03\/SE4.jpg\" alt=\"\" \/><\/a><\/div><\/li><li  ><div style=\"height: 200px; width:267px;\"><a itemprop=\"image\" class=\"prettyphoto\" data-rel=\"prettyPhoto[rel-1111542194]\" href=\"http:\/\/scielarki.pl\/wp-content\/uploads\/2024\/03\/SE5.jpg\"><img decoding=\"async\" itemprop=\"image\" src=\"http:\/\/scielarki.pl\/wp-content\/uploads\/2024\/03\/SE5.jpg\" alt=\"\" \/><\/a><\/div><\/li><li  ><div style=\"height: 200px; width:267px;\"><a itemprop=\"image\" class=\"prettyphoto\" data-rel=\"prettyPhoto[rel-1111542194]\" href=\"http:\/\/scielarki.pl\/wp-content\/uploads\/2024\/03\/SE6.jpg\"><img decoding=\"async\" itemprop=\"image\" src=\"http:\/\/scielarki.pl\/wp-content\/uploads\/2024\/03\/SE6.jpg\" alt=\"\" \/><\/a><\/div><\/li><li  ><div style=\"height: 200px; width:267px;\"><a itemprop=\"image\" class=\"prettyphoto\" data-rel=\"prettyPhoto[rel-1111542194]\" href=\"http:\/\/scielarki.pl\/wp-content\/uploads\/2024\/03\/SE7.jpg\"><img decoding=\"async\" itemprop=\"image\" src=\"http:\/\/scielarki.pl\/wp-content\/uploads\/2024\/03\/SE7.jpg\" alt=\"\" \/><\/a><\/div><\/li><li  ><div style=\"height: 200px; width:267px;\"><a itemprop=\"image\" class=\"prettyphoto\" data-rel=\"prettyPhoto[rel-1111542194]\" href=\"http:\/\/scielarki.pl\/wp-content\/uploads\/2024\/03\/SE8.jpg\"><img decoding=\"async\" itemprop=\"image\" src=\"http:\/\/scielarki.pl\/wp-content\/uploads\/2024\/03\/SE8.jpg\" alt=\"\" \/><\/a><\/div><\/li><li  ><div style=\"height: 200px; width:300px;\"><a itemprop=\"image\" class=\"prettyphoto\" data-rel=\"prettyPhoto[rel-1111542194]\" href=\"http:\/\/scielarki.pl\/wp-content\/uploads\/2024\/03\/SE9.jpg\"><img decoding=\"async\" itemprop=\"image\" src=\"http:\/\/scielarki.pl\/wp-content\/uploads\/2024\/03\/SE9.jpg\" alt=\"\" \/><\/a><\/div><\/li><li  ><div style=\"height: 200px; width:300px;\"><a itemprop=\"image\" class=\"prettyphoto\" data-rel=\"prettyPhoto[rel-1111542194]\" href=\"http:\/\/scielarki.pl\/wp-content\/uploads\/2024\/03\/SE10.jpg\"><img decoding=\"async\" itemprop=\"image\" src=\"http:\/\/scielarki.pl\/wp-content\/uploads\/2024\/03\/SE10.jpg\" alt=\"\" \/><\/a><\/div><\/li><li  ><div style=\"height: 200px; width:300px;\"><a itemprop=\"image\" class=\"prettyphoto\" data-rel=\"prettyPhoto[rel-1111542194]\" href=\"http:\/\/scielarki.pl\/wp-content\/uploads\/2024\/03\/SE11.jpg\"><img decoding=\"async\" itemprop=\"image\" src=\"http:\/\/scielarki.pl\/wp-content\/uploads\/2024\/03\/SE11.jpg\" alt=\"\" \/><\/a><\/div><\/li><li  ><div style=\"height: 200px; width:300px;\"><a itemprop=\"image\" class=\"prettyphoto\" data-rel=\"prettyPhoto[rel-1111542194]\" href=\"http:\/\/scielarki.pl\/wp-content\/uploads\/2024\/03\/SE12.jpg\"><img decoding=\"async\" itemprop=\"image\" src=\"http:\/\/scielarki.pl\/wp-content\/uploads\/2024\/03\/SE12.jpg\" alt=\"\" \/><\/a><\/div><\/li><li  ><div style=\"height: 200px; width:300px;\"><a itemprop=\"image\" class=\"prettyphoto\" data-rel=\"prettyPhoto[rel-1111542194]\" href=\"http:\/\/scielarki.pl\/wp-content\/uploads\/2024\/03\/SE13.jpg\"><img decoding=\"async\" itemprop=\"image\" src=\"http:\/\/scielarki.pl\/wp-content\/uploads\/2024\/03\/SE13.jpg\" alt=\"\" \/><\/a><\/div><\/li><\/ul><\/div><div class=\"controls\"><a class=\"prev-slide\" href=\"#\"><span><i class=\"fa fa-angle-left\"><\/i><\/span><\/a><a class=\"next-slide\" href=\"#\"><span><i class=\"fa fa-angle-right\"><\/i><\/span><\/a><\/div><\/div>[\/vc_column][\/vc_row]<\/p>\n","protected":false},"excerpt":{"rendered":"<p>[vc_row css_animation=&#8221;&#8221; row_type=&#8221;row&#8221; use_row_as_full_screen_section=&#8221;no&#8221; type=&#8221;full_width&#8221; angled_section=&#8221;no&#8221; text_align=&#8221;left&#8221; background_image_as_pattern=&#8221;without_pattern&#8221;][vc_column][vc_column_text] \u015acielarka typ SE [\/vc_column_text][\/vc_column][\/vc_row][vc_row css_animation=&#8221;&#8221; row_type=&#8221;row&#8221; use_row_as_full_screen_section=&#8221;no&#8221; type=&#8221;grid&#8221; angled_section=&#8221;no&#8221; text_align=&#8221;left&#8221; background_image_as_pattern=&#8221;without_pattern&#8221; z_index=&#8221;&#8221;][vc_column width=&#8221;1\/2&#8243;][vc_empty_space][vc_column_text] Maszyna do \u015bcielenia SE o nap\u0119dzie elektrycznym posiadaj\u0105ca dwa akumulatory 12 V. Maszyna musi by\u0107 popychana r\u0119cznie. Elektryczne mieszad\u0142o zapobiega zawieszaniu si\u0119 materia\u0142u, a&#8230;<\/p>\n","protected":false},"author":1,"featured_media":0,"parent":0,"menu_order":0,"comment_status":"closed","ping_status":"closed","template":"","meta":{"footnotes":""},"_links":{"self":[{"href":"http:\/\/scielarki.pl\/index.php?rest_route=\/wp\/v2\/pages\/1077"}],"collection":[{"href":"http:\/\/scielarki.pl\/index.php?rest_route=\/wp\/v2\/pages"}],"about":[{"href":"http:\/\/scielarki.pl\/index.php?rest_route=\/wp\/v2\/types\/page"}],"author":[{"embeddable":true,"href":"http:\/\/scielarki.pl\/index.php?rest_route=\/wp\/v2\/users\/1"}],"replies":[{"embeddable":true,"href":"http:\/\/scielarki.pl\/index.php?rest_route=%2Fwp%2Fv2%2Fcomments&post=1077"}],"version-history":[{"count":30,"href":"http:\/\/scielarki.pl\/index.php?rest_route=\/wp\/v2\/pages\/1077\/revisions"}],"predecessor-version":[{"id":1705,"href":"http:\/\/scielarki.pl\/index.php?rest_route=\/wp\/v2\/pages\/1077\/revisions\/1705"}],"wp:attachment":[{"href":"http:\/\/scielarki.pl\/index.php?rest_route=%2Fwp%2Fv2%2Fmedia&parent=1077"}],"curies":[{"name":"wp","href":"https:\/\/api.w.org\/{rel}","templated":true}]}}