{"id":1080,"date":"2020-03-11T09:34:58","date_gmt":"2020-03-11T09:34:58","guid":{"rendered":"http:\/\/scielarki.pl\/?page_id=1080"},"modified":"2024-03-14T13:10:29","modified_gmt":"2024-03-14T13:10:29","slug":"typ-z","status":"publish","type":"page","link":"http:\/\/scielarki.pl\/?page_id=1080","title":{"rendered":"Typ Z &#8211; \u015bcielarka do precyzyjnego \u015bcielenia trocin lub posiekanej s\u0142omy"},"content":{"rendered":"<p>[vc_row css_animation=&#8221;&#8221; row_type=&#8221;row&#8221; use_row_as_full_screen_section=&#8221;no&#8221; type=&#8221;grid&#8221; angled_section=&#8221;no&#8221; text_align=&#8221;left&#8221; background_image_as_pattern=&#8221;without_pattern&#8221; z_index=&#8221;&#8221;][vc_column width=&#8221;1\/2&#8243;][vc_column_text]<strong><span style=\"color: #ee6c27;\"><span style=\"font-size: large;\">Typ Z<\/span><\/span><\/strong>[\/vc_column_text][vc_empty_space][vc_column_text]<\/p>\n<p class=\"western\">Maszyna do \u015bcielenia Z jest maszyn\u0105 do precyzyjnego \u015bcieleni trocin lub posiekanej s\u0142omy w boksach legowiskowych. Do codziennego do\u015bcielania niewielkich ilo\u015bci materia\u0142u \u015bci\u00f3\u0142kowego zamontowana jest zasuwa dozuj\u0105ca, kt\u00f3r\u0105 mo\u017cna regulowa\u0107 w \u0142atwy spos\u00f3b.<\/p>\n<p>[\/vc_column_text][vc_empty_space][vc_column_text]<strong><span style=\"color: #000000;\"><span style=\"font-size: large;\">Specyfikacja techniczna<\/span><\/span><\/strong>[\/vc_column_text][vc_single_image image=&#8221;1737&#8243; img_size=&#8221;full&#8221; onclick=&#8221;link_image&#8221; qode_css_animation=&#8221;&#8221;][vc_empty_space][vc_column_text]<strong>Specyfikacje techniczne<\/strong><\/p>\n<p>\u2022 Rozrzut w lewo i w prawo<br \/>\n\u2022 Lemiesz i wzmocnienia \u015bcielarki wykonane ze stali Hardox<br \/>\n\u2022 Wymagana jest jedna sekcja hydrauliczna podw\u00f3jnego dzia\u0142ania<br \/>\n\u2022 Silniki hydrauliczne z elastycznymi z\u0142\u0105czami (sprz\u0119g\u0142em gumowym) i zaworem przeci\u0105\u017ceniowym<br \/>\n\u2022 Zasuwa dozuj\u0105ca<br \/>\n\u2022 Du\u017cy wa\u0142ek \u015blimakowy na dnie \u0142y\u017cki<br \/>\n\u2022 Przeno\u015bnik z uszczelnionymi kraw\u0119dziami<br \/>\n\u2022 Wa\u0142ki nap\u0119dowe pokryte gum\u0105<br \/>\n\u2022 Malowane proszkowo farb\u0105 podk\u0142adow\u0105 i nawierzchniow\u0105<\/p>\n<p><strong>Opcje<\/strong><\/p>\n<p>\u2022 Sk\u0142adana szczotka do zamiatania po lewej lub prawej stronie<br \/>\n\u2022 Zgarniacz obornika pod maszyn\u0105<br \/>\n\u2022 Regulator przep\u0142ywu oleju (wymagany, gdy maszyna nap\u0119dowa przekracza maksymalny przep\u0142yw)[\/vc_column_text][vc_empty_space][\/vc_column][vc_column width=&#8221;1\/2&#8243;][vc_single_image image=&#8221;1738&#8243; img_size=&#8221;400&#215;250&#8243; alignment=&#8221;center&#8221; onclick=&#8221;link_image&#8221; qode_css_animation=&#8221;&#8221;][vc_empty_space][vc_single_image image=&#8221;1739&#8243; img_size=&#8221;400&#215;250&#8243; alignment=&#8221;center&#8221; onclick=&#8221;link_image&#8221; qode_css_animation=&#8221;&#8221;][vc_empty_space][\/vc_column][\/vc_row][vc_row css_animation=&#8221;&#8221; row_type=&#8221;row&#8221; use_row_as_full_screen_section=&#8221;no&#8221; type=&#8221;full_width&#8221; angled_section=&#8221;no&#8221; text_align=&#8221;left&#8221; background_image_as_pattern=&#8221;without_pattern&#8221;][vc_column]<div class='qode_image_gallery_no_space  highlight_active'><div class='qode_image_gallery_holder' style='height: 200px;'><ul  ><li  ><div style=\"height: 200px; width:267px;\"><a itemprop=\"image\" class=\"prettyphoto\" data-rel=\"prettyPhoto[rel-406056650]\" href=\"http:\/\/scielarki.pl\/wp-content\/uploads\/2024\/03\/Z2.jpg\"><img decoding=\"async\" itemprop=\"image\" src=\"http:\/\/scielarki.pl\/wp-content\/uploads\/2024\/03\/Z2.jpg\" alt=\"\" \/><\/a><\/div><\/li><li  ><div style=\"height: 200px; width:275px;\"><a itemprop=\"image\" class=\"prettyphoto\" data-rel=\"prettyPhoto[rel-406056650]\" href=\"http:\/\/scielarki.pl\/wp-content\/uploads\/2024\/03\/Z1.png\"><img decoding=\"async\" itemprop=\"image\" src=\"http:\/\/scielarki.pl\/wp-content\/uploads\/2024\/03\/Z1.png\" alt=\"\" \/><\/a><\/div><\/li><\/ul><\/div><div class=\"controls\"><a class=\"prev-slide\" href=\"#\"><span><i class=\"fa fa-angle-left\"><\/i><\/span><\/a><a class=\"next-slide\" href=\"#\"><span><i class=\"fa fa-angle-right\"><\/i><\/span><\/a><\/div><\/div>[\/vc_column][\/vc_row]<\/p>\n","protected":false},"excerpt":{"rendered":"<p>[vc_row css_animation=&#8221;&#8221; row_type=&#8221;row&#8221; use_row_as_full_screen_section=&#8221;no&#8221; type=&#8221;grid&#8221; angled_section=&#8221;no&#8221; text_align=&#8221;left&#8221; background_image_as_pattern=&#8221;without_pattern&#8221; z_index=&#8221;&#8221;][vc_column width=&#8221;1\/2&#8243;][vc_column_text]Typ Z[\/vc_column_text][vc_empty_space][vc_column_text] Maszyna do \u015bcielenia Z jest maszyn\u0105 do precyzyjnego \u015bcieleni trocin lub posiekanej s\u0142omy w boksach legowiskowych. Do codziennego do\u015bcielania niewielkich ilo\u015bci materia\u0142u \u015bci\u00f3\u0142kowego zamontowana jest zasuwa dozuj\u0105ca, kt\u00f3r\u0105 mo\u017cna regulowa\u0107 w \u0142atwy spos\u00f3b. [\/vc_column_text][vc_empty_space][vc_column_text]Specyfikacja&#8230;<\/p>\n","protected":false},"author":1,"featured_media":0,"parent":0,"menu_order":0,"comment_status":"closed","ping_status":"closed","template":"","meta":{"footnotes":""},"_links":{"self":[{"href":"http:\/\/scielarki.pl\/index.php?rest_route=\/wp\/v2\/pages\/1080"}],"collection":[{"href":"http:\/\/scielarki.pl\/index.php?rest_route=\/wp\/v2\/pages"}],"about":[{"href":"http:\/\/scielarki.pl\/index.php?rest_route=\/wp\/v2\/types\/page"}],"author":[{"embeddable":true,"href":"http:\/\/scielarki.pl\/index.php?rest_route=\/wp\/v2\/users\/1"}],"replies":[{"embeddable":true,"href":"http:\/\/scielarki.pl\/index.php?rest_route=%2Fwp%2Fv2%2Fcomments&post=1080"}],"version-history":[{"count":9,"href":"http:\/\/scielarki.pl\/index.php?rest_route=\/wp\/v2\/pages\/1080\/revisions"}],"predecessor-version":[{"id":1745,"href":"http:\/\/scielarki.pl\/index.php?rest_route=\/wp\/v2\/pages\/1080\/revisions\/1745"}],"wp:attachment":[{"href":"http:\/\/scielarki.pl\/index.php?rest_route=%2Fwp%2Fv2%2Fmedia&parent=1080"}],"curies":[{"name":"wp","href":"https:\/\/api.w.org\/{rel}","templated":true}]}}