{"id":1108,"date":"2020-03-11T11:27:20","date_gmt":"2020-03-11T11:27:20","guid":{"rendered":"http:\/\/scielarki.pl\/?page_id=1108"},"modified":"2024-03-18T14:32:04","modified_gmt":"2024-03-18T14:32:04","slug":"typ-ssv","status":"publish","type":"page","link":"http:\/\/scielarki.pl\/?page_id=1108","title":{"rendered":"Typ SHC"},"content":{"rendered":"<p>[vc_row css_animation=&#8221;&#8221; row_type=&#8221;row&#8221; use_row_as_full_screen_section=&#8221;no&#8221; type=&#8221;grid&#8221; angled_section=&#8221;no&#8221; text_align=&#8221;left&#8221; background_image_as_pattern=&#8221;without_pattern&#8221; z_index=&#8221;&#8221;][vc_column width=&#8221;1\/2&#8243;][vc_empty_space][vc_column_text]<strong><span style=\"color: #ee6c27;\"><span style=\"font-size: large;\">Typ SHC<\/span><\/span><\/strong>[\/vc_column_text][vc_empty_space][vc_column_text]Scielarka do s\u0142omy Typu SHC firmy Flingk to kompaktowa i lekka dmuchawa do s\u0142omy.\u00a0 Maszyna zosta\u0142a specjalnie zaprojektowana do pracy z ma\u0142\u0105 \u0142adowark\u0105 ko\u0142ow\u0105 lub ma\u0142ymi \u0142adowarkami teleskopowymi.\u00a0 Typ SHC R posiada obrotowy\u00a0 rozrzutnik, za pomoc\u0105 kt\u00f3rego z kabiny mo\u017cna regulowa\u0107 kierunek i odleg\u0142o\u015b\u0107 rozrzutu. Obraca\u0107 si\u0119 o 275\u00b0 co zapewnia szybk\u0105 i elastyczn\u0105 prac\u0119.[\/vc_column_text][vc_empty_space][vc_column_text]<strong><span style=\"color: #000000;\"><span style=\"font-size: large;\">Specyfikacja techniczna<\/span><\/span><\/strong>[\/vc_column_text][vc_single_image image=&#8221;1782&#8243; img_size=&#8221;full&#8221; onclick=&#8221;link_image&#8221; qode_css_animation=&#8221;&#8221;][vc_empty_space][vc_column_text]<\/p>\n<ul>\n<li>Maxymalny rozmiar bel 120x120x145 i \u00f8150<\/li>\n<li>Solidny \u0142a\u0144cuch pod\u0142ogowy z wytrzyma\u0142ym nap\u0119dem hydraulicznym w po\u0142\u0105czeniu z przek\u0142adni\u0105<\/li>\n<li>Pr\u0119dko\u015b\u0107 dolnego \u0142a\u0144cucha jest regulowana bezstopniowo<\/li>\n<li>Wa\u0142ek dozuj\u0105cy z wbudowanym silnikiem hydraulicznym<\/li>\n<li>Zakres wyrzucania s\u0142omy do 14 metr\u00f3w w lewo (SHC) (w zale\u017cno\u015bci od nat\u0119\u017cenia przep\u0142ywu oleju)<\/li>\n<li>Zakres wyrzucania do 12 metr\u00f3w z lewej strony, do 10 metr\u00f3w z prawej (SHC R) (w zale\u017cno\u015bci od nat\u0119\u017cenia przep\u0142ywu oleju)<\/li>\n<li>Dysza wyrzutowa o regulowanej wysoko\u015bci do regulacji szeroko\u015bci rozrzutu<\/li>\n<li>Obrotowy dysza wyrzutowa do 275\u00b0 w modelu SHC R<\/li>\n<li>Klapka pod \u0142a\u0144cuchem pod\u0142ogowym u\u0142atwiaj\u0105ca usuwanie kamieni i kurzu<\/li>\n<li>Elektryczne sterowanie funkcjami z kabiny<\/li>\n<li>Swobodny bieg wentylatora<\/li>\n<li>Wymagana 1 podw\u00f3jnie dzia\u0142aj\u0105ca funkcja hydrauliczna<\/li>\n<li>Wymagane po\u0142\u0105czenie 12V na wysi\u0119gniku<\/li>\n<li>2-warstwowa pow\u0142oka proszkowa<\/li>\n<\/ul>\n<p><strong>Opcje<\/strong><\/p>\n<ul>\n<li>SHC rozsiew w prawo (zamiast w lewo)<\/li>\n<li>\u015aciany boczne &#8211; <em>Do podniesienia \u015bcian bocznych i tym samym zminimalizowanie rozsypywania, zaleca si\u0119 u\u017cycie okr\u0105g\u0142ych i kwadratowych bel o \u015brednicy 120&#215;120 m<\/em><\/li>\n<li>Zacisk do przytrzymywania beli wewn\u0105trz &#8211; <em>\u0141atwy za\u0142adunek beli i unikanie rozsypywania<\/em><\/li>\n<li>Rozpylacz s\u0142omy &#8211; <em>Zmniejsza powstawanie py\u0142u <\/em><\/li>\n<li>Filtr ci\u015bnieniowy &#8211; <em>Zapobiega uszkodzeniom uk\u0142adu hydraulicznego przez brud <\/em><\/li>\n<li>Bezprzewodowy pilot &#8211; <em>Eliminuje to konieczno\u015b\u0107 prowadzenia kabla z wysi\u0119gnika do kabiny.<\/em> <em>Wymagane dodatkowe pod\u0142\u0105czenie 12V w kabinie. <\/em><\/li>\n<li>Ogranicznik przep\u0142ywu i ci\u015bnienia (wymagany, je\u015bli g\u0142\u00f3wny nap\u0119d generuje zbyt wysokie ci\u015bnienie i\/lub przep\u0142yw)<\/li>\n<\/ul>\n<p>[\/vc_column_text][vc_empty_space][\/vc_column][vc_column width=&#8221;1\/2&#8243;][vc_single_image image=&#8221;1789&#8243; img_size=&#8221;400&#215;250&#8243; alignment=&#8221;center&#8221; onclick=&#8221;link_image&#8221; qode_css_animation=&#8221;&#8221;][vc_empty_space][vc_single_image image=&#8221;1783&#8243; img_size=&#8221;400&#215;250&#8243; alignment=&#8221;center&#8221; onclick=&#8221;link_image&#8221; qode_css_animation=&#8221;&#8221;][vc_empty_space][vc_video link=&#8221;https:\/\/www.youtube.com\/watch?v=p580Nk3SZ4o&#8221; el_width=&#8221;70&#8243; align=&#8221;center&#8221;][vc_empty_space][vc_video link=&#8221;https:\/\/www.youtube.com\/watch?v=HOqQCHPDOmM&#8221; el_width=&#8221;70&#8243; align=&#8221;center&#8221;][\/vc_column][\/vc_row][vc_row css_animation=&#8221;&#8221; row_type=&#8221;row&#8221; use_row_as_full_screen_section=&#8221;no&#8221; type=&#8221;full_width&#8221; angled_section=&#8221;no&#8221; text_align=&#8221;left&#8221; background_image_as_pattern=&#8221;without_pattern&#8221;][vc_column]<div class='qode_image_gallery_no_space light'><div class='qode_image_gallery_holder' style='height: 300px;'><ul  ><li  ><div style=\"height: 300px; width:450px;\"><a itemprop=\"image\" class=\"prettyphoto\" data-rel=\"prettyPhoto[rel-1118417241]\" href=\"http:\/\/scielarki.pl\/wp-content\/uploads\/2024\/03\/SHC6-\u2014-kopia.jpg\"><img decoding=\"async\" itemprop=\"image\" src=\"http:\/\/scielarki.pl\/wp-content\/uploads\/2024\/03\/SHC6-\u2014-kopia.jpg\" alt=\"\" \/><\/a><\/div><\/li><li  ><div style=\"height: 300px; width:450px;\"><a itemprop=\"image\" class=\"prettyphoto\" data-rel=\"prettyPhoto[rel-1118417241]\" href=\"http:\/\/scielarki.pl\/wp-content\/uploads\/2024\/03\/SHC5-\u2014-kopia.jpg\"><img decoding=\"async\" itemprop=\"image\" src=\"http:\/\/scielarki.pl\/wp-content\/uploads\/2024\/03\/SHC5-\u2014-kopia.jpg\" alt=\"\" \/><\/a><\/div><\/li><li  ><div style=\"height: 300px; width:450px;\"><a itemprop=\"image\" class=\"prettyphoto\" data-rel=\"prettyPhoto[rel-1118417241]\" href=\"http:\/\/scielarki.pl\/wp-content\/uploads\/2024\/03\/SHC4-\u2014-kopia.jpg\"><img decoding=\"async\" itemprop=\"image\" src=\"http:\/\/scielarki.pl\/wp-content\/uploads\/2024\/03\/SHC4-\u2014-kopia.jpg\" alt=\"\" \/><\/a><\/div><\/li><li  ><div style=\"height: 300px; width:424px;\"><a itemprop=\"image\" class=\"prettyphoto\" data-rel=\"prettyPhoto[rel-1118417241]\" href=\"http:\/\/scielarki.pl\/wp-content\/uploads\/2024\/03\/SHC3-\u2014-kopia.jpg\"><img decoding=\"async\" itemprop=\"image\" src=\"http:\/\/scielarki.pl\/wp-content\/uploads\/2024\/03\/SHC3-\u2014-kopia.jpg\" alt=\"\" \/><\/a><\/div><\/li><li  ><div style=\"height: 300px; width:433px;\"><a itemprop=\"image\" class=\"prettyphoto\" data-rel=\"prettyPhoto[rel-1118417241]\" href=\"http:\/\/scielarki.pl\/wp-content\/uploads\/2024\/03\/SHC2-\u2014-kopia.jpg\"><img decoding=\"async\" itemprop=\"image\" src=\"http:\/\/scielarki.pl\/wp-content\/uploads\/2024\/03\/SHC2-\u2014-kopia.jpg\" alt=\"\" \/><\/a><\/div><\/li><li  ><div style=\"height: 300px; width:498px;\"><a itemprop=\"image\" class=\"prettyphoto\" data-rel=\"prettyPhoto[rel-1118417241]\" href=\"http:\/\/scielarki.pl\/wp-content\/uploads\/2024\/03\/SHC7-\u2014-kopia.jpg\"><img decoding=\"async\" itemprop=\"image\" src=\"http:\/\/scielarki.pl\/wp-content\/uploads\/2024\/03\/SHC7-\u2014-kopia.jpg\" alt=\"\" \/><\/a><\/div><\/li><li  ><div style=\"height: 300px; width:450px;\"><a itemprop=\"image\" class=\"prettyphoto\" data-rel=\"prettyPhoto[rel-1118417241]\" href=\"http:\/\/scielarki.pl\/wp-content\/uploads\/2024\/03\/SHC1-\u2014-kopia.jpg\"><img decoding=\"async\" itemprop=\"image\" src=\"http:\/\/scielarki.pl\/wp-content\/uploads\/2024\/03\/SHC1-\u2014-kopia.jpg\" alt=\"\" \/><\/a><\/div><\/li><\/ul><\/div><div class=\"controls\"><a class=\"prev-slide\" href=\"#\"><span><i class=\"fa fa-angle-left\"><\/i><\/span><\/a><a class=\"next-slide\" href=\"#\"><span><i class=\"fa fa-angle-right\"><\/i><\/span><\/a><\/div><\/div>[\/vc_column][\/vc_row]<\/p>\n","protected":false},"excerpt":{"rendered":"<p>[vc_row css_animation=&#8221;&#8221; row_type=&#8221;row&#8221; use_row_as_full_screen_section=&#8221;no&#8221; type=&#8221;grid&#8221; angled_section=&#8221;no&#8221; text_align=&#8221;left&#8221; background_image_as_pattern=&#8221;without_pattern&#8221; z_index=&#8221;&#8221;][vc_column width=&#8221;1\/2&#8243;][vc_empty_space][vc_column_text]Typ SHC[\/vc_column_text][vc_empty_space][vc_column_text]Scielarka do s\u0142omy Typu SHC firmy Flingk to kompaktowa i lekka dmuchawa do s\u0142omy.\u00a0 Maszyna zosta\u0142a specjalnie zaprojektowana do pracy z ma\u0142\u0105 \u0142adowark\u0105 ko\u0142ow\u0105 lub ma\u0142ymi \u0142adowarkami teleskopowymi.\u00a0 Typ SHC R posiada obrotowy\u00a0 rozrzutnik, za&#8230;<\/p>\n","protected":false},"author":1,"featured_media":0,"parent":0,"menu_order":0,"comment_status":"closed","ping_status":"closed","template":"","meta":{"footnotes":""},"_links":{"self":[{"href":"http:\/\/scielarki.pl\/index.php?rest_route=\/wp\/v2\/pages\/1108"}],"collection":[{"href":"http:\/\/scielarki.pl\/index.php?rest_route=\/wp\/v2\/pages"}],"about":[{"href":"http:\/\/scielarki.pl\/index.php?rest_route=\/wp\/v2\/types\/page"}],"author":[{"embeddable":true,"href":"http:\/\/scielarki.pl\/index.php?rest_route=\/wp\/v2\/users\/1"}],"replies":[{"embeddable":true,"href":"http:\/\/scielarki.pl\/index.php?rest_route=%2Fwp%2Fv2%2Fcomments&post=1108"}],"version-history":[{"count":15,"href":"http:\/\/scielarki.pl\/index.php?rest_route=\/wp\/v2\/pages\/1108\/revisions"}],"predecessor-version":[{"id":1802,"href":"http:\/\/scielarki.pl\/index.php?rest_route=\/wp\/v2\/pages\/1108\/revisions\/1802"}],"wp:attachment":[{"href":"http:\/\/scielarki.pl\/index.php?rest_route=%2Fwp%2Fv2%2Fmedia&parent=1108"}],"curies":[{"name":"wp","href":"https:\/\/api.w.org\/{rel}","templated":true}]}}