{"id":1114,"date":"2020-03-11T11:30:55","date_gmt":"2020-03-11T11:30:55","guid":{"rendered":"http:\/\/scielarki.pl\/?page_id=1114"},"modified":"2020-03-11T11:30:55","modified_gmt":"2020-03-11T11:30:55","slug":"typ-svh","status":"publish","type":"page","link":"http:\/\/scielarki.pl\/?page_id=1114","title":{"rendered":"Typ SVH"},"content":{"rendered":"<p>[vc_row css_animation=&#8221;&#8221; row_type=&#8221;row&#8221; use_row_as_full_screen_section=&#8221;no&#8221; type=&#8221;grid&#8221; angled_section=&#8221;no&#8221; text_align=&#8221;left&#8221; background_image_as_pattern=&#8221;without_pattern&#8221; z_index=&#8221;&#8221;][vc_column width=&#8221;1\/2&#8243;][vc_empty_space][vc_column_text]<strong><span style=\"color: #ee6c27;\"><span style=\"font-size: large;\">Typ SVH<\/span><\/span><\/strong>[\/vc_column_text][vc_empty_space][vc_column_text]<\/p>\n<p class=\"western\">Maszyna w fazie rozwoju, dost\u0119pno\u015b\u0107 tylko podczas konsultacji.<br \/>\nDzi\u0119ki rozrzutnikowi SVH mo\u017cna szybko i r\u00f3wnomiernie zaaplikowa\u0107 s\u0142om\u0119, a ilo\u015b\u0107 py\u0142u jest zredukowana do minimum. Bel\u0119 chwyta si\u0119, przechyla i k\u0142adzie na \u0142a\u0144cuchu pod\u0142ogowym, po czym oplataj\u0105cy j\u0105 sznur mo\u017cna \u0142atwo usun\u0105\u0107 dzi\u0119ki specjalnemu mechanizmowi nawijaj\u0105cemu.<br \/>\nSzybko obracaj\u0105cy si\u0119 wa\u0142ek z z\u0119bami spr\u0119\u017cynowymi odprowadza w lewo i rozrzuca s\u0142om\u0119 (w zale\u017cno\u015bci od nat\u0119\u017cenia przep\u0142ywu oleju) na odleg\u0142o\u015b\u0107 do 8 metr\u00f3w.<br \/>\nPr\u0119dko\u015b\u0107 \u0142a\u0144cucha pod\u0142ogowego, kt\u00f3ry przesuwa s\u0142om\u0119 do wa\u0142ka rozrzucaj\u0105cego, jest p\u0142ynnie regulowana za pomoc\u0105 elektrycznej skrzynki steruj\u0105cej. W rezultacie ilo\u015b\u0107 s\u0142omy podczas rozrzutu mo\u017ce by\u0107 dok\u0142adnie kontrolowana.<\/p>\n<p>[\/vc_column_text][vc_empty_space][vc_column_text]<\/p>\n<p class=\"western\">\u2022 Ci\u0119\u017cki hydrauliczny \u0142a\u0144cuch pod\u0142ogowy z przek\u0142adni\u0105<br \/>\n\u2022 Wymuszona dostawa s\u0142omy<br \/>\n\u2022 Szybko obracaj\u0105cy si\u0119 wa\u0142ek ze spr\u0119\u017cynowymi z\u0119bami i mocnym nap\u0119dem<br \/>\n\u2022 Rolka rozdzielcza obraca si\u0119 swobodnie po zatrzymaniu przep\u0142ywu oleju<br \/>\n\u2022 Pr\u0119dko\u015b\u0107 \u0142a\u0144cucha pod\u0142ogowego bezstopniowo regulowana (mocowanie elektryczne do \u0142adowarki \/ w\u00f3zka teleskopowego niezawartych w zestawie)<br \/>\n\u2022 P\u0142yta prowadz\u0105ca dla dobrego i r\u00f3wnomiernego rozrzutu<br \/>\n\u2022 Zasi\u0119g rozrzutu do 8 metr\u00f3w<br \/>\n\u2022 Wymagana jest jedna sekcja hydrauliczna dwustronnego dzia\u0142ania + przy\u0142\u0105cze elektryczne 12 V<br \/>\n\u2022 Malowane proszkowo farb\u0105 podk\u0142adow\u0105 i nawierzchniow\u0105<\/p>\n<p class=\"western\"><strong>Opcje<\/strong><\/p>\n<p class=\"western\">\u2022 Szybkoz\u0142\u0105cze po drugiej stronie (rozrzut w prawo)<br \/>\n\u2022 Szybkoz\u0142\u0105cze na kr\u00f3tkim boku<br \/>\n\u2022 Ogranicznik przep\u0142ywu (wymagany, gdy maszyna nap\u0119dowa przekracza maksymalny przep\u0142yw)<\/p>\n<p>[\/vc_column_text][vc_empty_space][\/vc_column][vc_column width=&#8221;1\/2&#8243;][vc_empty_space][vc_column_text]<strong><span style=\"color: #000000;\"><span style=\"font-size: large;\">Specyfikacja techniczna<\/span><\/span><\/strong>[\/vc_column_text][vc_empty_space][vc_single_image image=&#8221;850&#8243; img_size=&#8221;full&#8221; onclick=&#8221;link_image&#8221; qode_css_animation=&#8221;&#8221;][vc_empty_space][vc_empty_space][\/vc_column][\/vc_row]<\/p>\n","protected":false},"excerpt":{"rendered":"<p>[vc_row css_animation=&#8221;&#8221; row_type=&#8221;row&#8221; use_row_as_full_screen_section=&#8221;no&#8221; type=&#8221;grid&#8221; angled_section=&#8221;no&#8221; text_align=&#8221;left&#8221; background_image_as_pattern=&#8221;without_pattern&#8221; z_index=&#8221;&#8221;][vc_column width=&#8221;1\/2&#8243;][vc_empty_space][vc_column_text]Typ SVH[\/vc_column_text][vc_empty_space][vc_column_text] Maszyna w fazie rozwoju, dost\u0119pno\u015b\u0107 tylko podczas konsultacji. Dzi\u0119ki rozrzutnikowi SVH mo\u017cna szybko i r\u00f3wnomiernie zaaplikowa\u0107 s\u0142om\u0119, a ilo\u015b\u0107 py\u0142u jest zredukowana do minimum. Bel\u0119 chwyta si\u0119, przechyla i k\u0142adzie na \u0142a\u0144cuchu pod\u0142ogowym, po&#8230;<\/p>\n","protected":false},"author":1,"featured_media":0,"parent":0,"menu_order":0,"comment_status":"closed","ping_status":"closed","template":"","meta":{"footnotes":""},"_links":{"self":[{"href":"http:\/\/scielarki.pl\/index.php?rest_route=\/wp\/v2\/pages\/1114"}],"collection":[{"href":"http:\/\/scielarki.pl\/index.php?rest_route=\/wp\/v2\/pages"}],"about":[{"href":"http:\/\/scielarki.pl\/index.php?rest_route=\/wp\/v2\/types\/page"}],"author":[{"embeddable":true,"href":"http:\/\/scielarki.pl\/index.php?rest_route=\/wp\/v2\/users\/1"}],"replies":[{"embeddable":true,"href":"http:\/\/scielarki.pl\/index.php?rest_route=%2Fwp%2Fv2%2Fcomments&post=1114"}],"version-history":[{"count":1,"href":"http:\/\/scielarki.pl\/index.php?rest_route=\/wp\/v2\/pages\/1114\/revisions"}],"predecessor-version":[{"id":1115,"href":"http:\/\/scielarki.pl\/index.php?rest_route=\/wp\/v2\/pages\/1114\/revisions\/1115"}],"wp:attachment":[{"href":"http:\/\/scielarki.pl\/index.php?rest_route=%2Fwp%2Fv2%2Fmedia&parent=1114"}],"curies":[{"name":"wp","href":"https:\/\/api.w.org\/{rel}","templated":true}]}}