{"id":877,"date":"2019-10-30T13:02:53","date_gmt":"2019-10-30T13:02:53","guid":{"rendered":"http:\/\/scielarki.pl\/?page_id=877"},"modified":"2024-03-06T14:42:31","modified_gmt":"2024-03-06T14:42:31","slug":"technika-robot-ziemnych","status":"publish","type":"page","link":"http:\/\/scielarki.pl\/?page_id=877","title":{"rendered":"R\u00f3wniarka Typu BVR"},"content":{"rendered":"<p>[vc_row css_animation=&#8221;&#8221; row_type=&#8221;row&#8221; use_row_as_full_screen_section=&#8221;no&#8221; type=&#8221;full_width&#8221; angled_section=&#8221;no&#8221; text_align=&#8221;left&#8221; background_image_as_pattern=&#8221;without_pattern&#8221;][vc_column][vc_column_text]<\/p>\n<h1 style=\"text-align: center;\"><span style=\"color: #ff6600;\">R\u00f3wniarka typ BVR<\/span><\/h1>\n<p>[\/vc_column_text][\/vc_column][\/vc_row][vc_row css_animation=&#8221;&#8221; row_type=&#8221;row&#8221; use_row_as_full_screen_section=&#8221;no&#8221; type=&#8221;grid&#8221; angled_section=&#8221;no&#8221; text_align=&#8221;left&#8221; background_image_as_pattern=&#8221;without_pattern&#8221; z_index=&#8221;&#8221;][vc_column width=&#8221;1\/2&#8243;][vc_empty_space][vc_column_text]Cz\u0119sto pomi\u0119dzy dwoma boksami powstaje sterta \u015bci\u00f3\u0142ki, co oznacza, \u017ce krowy le\u017c\u0105 w dziurze. Mo\u017cna temu zapobiec mo\u017cna temu zapobiec dzi\u0119ki kondycjonerowi boks\u00f3w, zapewniaj\u0105c krowom komfort i bardziej efektywne wykorzystanie \u015bci\u00f3\u0142ki. Typ BVR nadaje si\u0119 r\u00f3wnie\u017c do ci\u0119\u017cszych materia\u0142\u00f3w \u015bci\u00f3\u0142kowych, takich jak mieszanka s\u0142omy, s\u0142omy, wapna i wody. Nale\u017cy zwr\u00f3ci\u0107 uwag\u0119 na minimaln\u0105 woln\u0105 wysoko\u015b\u0107, w porozumieniu ze sprzedawc\u0105 lub firm\u0105 Flingk. Typ BVR jest wyposa\u017cony w nap\u0119dzan\u0105 hydraulicznie tarcz\u0119 obrotow\u0105 z z\u0119bami, kt\u00f3re zgarniaj\u0105 i wyg\u0142adzaj\u0105 \u015bci\u00f3\u0142k\u0119. materia\u0142. Rami\u0119 mo\u017cna r\u0119cznie regulowa\u0107 pod k\u0105tem i obraca\u0107 od lewej do prawej strony. Maszyna jest r\u00f3wnie\u017c nadaje si\u0119 r\u00f3wnie\u017c do boks\u00f3w z nog\u0105 z przodu.[\/vc_column_text][vc_empty_space][vc_single_image image=&#8221;1599&#8243; img_size=&#8221;large&#8221; alignment=&#8221;center&#8221; onclick=&#8221;link_image&#8221; qode_css_animation=&#8221;&#8221;][vc_single_image image=&#8221;1598&#8243; img_size=&#8221;large&#8221; alignment=&#8221;center&#8221; onclick=&#8221;link_image&#8221; qode_css_animation=&#8221;&#8221;][vc_empty_space][\/vc_column][vc_column width=&#8221;1\/2&#8243;][vc_empty_space][vc_single_image image=&#8221;1580&#8243; img_size=&#8221;450&#215;300&#8243; alignment=&#8221;center&#8221; onclick=&#8221;link_image&#8221; qode_css_animation=&#8221;&#8221;][vc_single_image image=&#8221;1580&#8243; img_size=&#8221;450&#215;300&#8243; alignment=&#8221;center&#8221; onclick=&#8221;link_image&#8221; qode_css_animation=&#8221;&#8221;][vc_gallery type=&#8221;flexslider_slide&#8221; interval=&#8221;0&#8243; images=&#8221;1580,1581&#8243; img_size=&#8221;450&#215;300&#8243;][vc_empty_space][vc_empty_space][vc_video link=&#8221;https:\/\/www.youtube.com\/watch?v=No0mBcaiRjQ&#8221; align=&#8221;center&#8221;][\/vc_column][\/vc_row][vc_row css_animation=&#8221;&#8221; row_type=&#8221;row&#8221; use_row_as_full_screen_section=&#8221;no&#8221; type=&#8221;full_width&#8221; angled_section=&#8221;no&#8221; text_align=&#8221;left&#8221; background_image_as_pattern=&#8221;without_pattern&#8221;][vc_column][\/vc_column][\/vc_row]<\/p>\n","protected":false},"excerpt":{"rendered":"<p>[vc_row css_animation=&#8221;&#8221; row_type=&#8221;row&#8221; use_row_as_full_screen_section=&#8221;no&#8221; type=&#8221;full_width&#8221; angled_section=&#8221;no&#8221; text_align=&#8221;left&#8221; background_image_as_pattern=&#8221;without_pattern&#8221;][vc_column][vc_column_text] R\u00f3wniarka typ BVR [\/vc_column_text][\/vc_column][\/vc_row][vc_row css_animation=&#8221;&#8221; row_type=&#8221;row&#8221; use_row_as_full_screen_section=&#8221;no&#8221; type=&#8221;grid&#8221; angled_section=&#8221;no&#8221; text_align=&#8221;left&#8221; background_image_as_pattern=&#8221;without_pattern&#8221; z_index=&#8221;&#8221;][vc_column width=&#8221;1\/2&#8243;][vc_empty_space][vc_column_text]Cz\u0119sto pomi\u0119dzy dwoma boksami powstaje sterta \u015bci\u00f3\u0142ki, co oznacza, \u017ce krowy le\u017c\u0105 w dziurze. Mo\u017cna temu zapobiec mo\u017cna temu zapobiec dzi\u0119ki kondycjonerowi boks\u00f3w, zapewniaj\u0105c krowom&#8230;<\/p>\n","protected":false},"author":1,"featured_media":0,"parent":0,"menu_order":0,"comment_status":"closed","ping_status":"closed","template":"","meta":{"footnotes":""},"_links":{"self":[{"href":"http:\/\/scielarki.pl\/index.php?rest_route=\/wp\/v2\/pages\/877"}],"collection":[{"href":"http:\/\/scielarki.pl\/index.php?rest_route=\/wp\/v2\/pages"}],"about":[{"href":"http:\/\/scielarki.pl\/index.php?rest_route=\/wp\/v2\/types\/page"}],"author":[{"embeddable":true,"href":"http:\/\/scielarki.pl\/index.php?rest_route=\/wp\/v2\/users\/1"}],"replies":[{"embeddable":true,"href":"http:\/\/scielarki.pl\/index.php?rest_route=%2Fwp%2Fv2%2Fcomments&post=877"}],"version-history":[{"count":15,"href":"http:\/\/scielarki.pl\/index.php?rest_route=\/wp\/v2\/pages\/877\/revisions"}],"predecessor-version":[{"id":1611,"href":"http:\/\/scielarki.pl\/index.php?rest_route=\/wp\/v2\/pages\/877\/revisions\/1611"}],"wp:attachment":[{"href":"http:\/\/scielarki.pl\/index.php?rest_route=%2Fwp%2Fv2%2Fmedia&parent=877"}],"curies":[{"name":"wp","href":"https:\/\/api.w.org\/{rel}","templated":true}]}}