{"id":7,"date":"2016-09-05T11:40:49","date_gmt":"2016-09-05T11:40:49","guid":{"rendered":"http:\/\/bridge87.qodeinteractive.com\/?page_id=7"},"modified":"2024-03-18T14:19:23","modified_gmt":"2024-03-18T14:19:23","slug":"home","status":"publish","type":"page","link":"https:\/\/scielarki.pl\/","title":{"rendered":"HOME"},"content":{"rendered":"<p>[vc_row css_animation=&#8221;&#8221; row_type=&#8221;row&#8221; use_row_as_full_screen_section=&#8221;no&#8221; type=&#8221;grid&#8221; angled_section=&#8221;no&#8221; text_align=&#8221;left&#8221; background_image_as_pattern=&#8221;without_pattern&#8221;][vc_column css=&#8221;.vc_custom_1571410139753{margin-top: 0px !important;padding-top: 94px !important;padding-bottom: 0px !important;background-color: #ffffff !important;}&#8221;][vc_column_text]<\/p>\n<h3 style=\"text-align: center;\"><strong>Jeste\u015bmy autoryzowanym przedstawicielem firmy Flingk Machinebouw BV. Oferujemy sprzeda\u017ck \u015bcielarek o wszechstronnym zastosowaniu, wycinak\u00f3w do kiszonek oraz wielu innych maszyn u\u017cywanych w rolnictwie i nie tylko.<\/strong><\/h3>\n<h3 style=\"text-align: center;\"><strong>Nasze ro\u017cne typy \u015bcielarek maj\u0105 zastosowanie przy \u015bcieleniu materia\u0142\u00f3w takich jak: sieczka s\u0142omy, piasek, mieszaniny\u00a0 s\u0142omy z wapnem i wod\u0105 (KSM) , separatem oraz trocin drewnianych. Kt\u00f3re mo\u017cna zawiesza\u0107 na ci\u0105gniku , \u0142adowarce teleskopowej, \u0142adowarce ko\u0142owej lub \u0142adowarce typu Fadroma. Te samodzielne \u015bcielarki wyst\u0119puj\u0105 w opcjach, tak aby ka\u017cdy m\u00f3g\u0142 dopasowa\u0107 odpowiedni\u0105 \u015bcielarke do swoich potrzeb.<\/strong><\/h3>\n<h3 style=\"text-align: center;\"><strong>Dzi\u0119ki \u015bcis\u0142ej wsp\u00f3\u0142pracy z klientem i dostawc\u0105 Flingk Machinebouw mo\u017ce, opr\u00f3cz doskona\u0142ej jako\u015bci i doskona\u0142ej obs\u0142ugi, szybko reagowa\u0107 na problemy specyficzne dla klienta. Wysoka jako\u015b\u0107, elastyczno\u015b\u0107 i szybko\u015b\u0107 s\u0105 charakterystyczne dla Flingk Machine Building.<\/strong><\/h3>\n<p>[\/vc_column_text][vc_empty_space height=&#8221;20px&#8221;][vc_column_text]<\/p>\n<h1 style=\"text-align: center;\"><strong>PRODUKTY<\/strong><\/h1>\n<p>[\/vc_column_text][vc_empty_space height=&#8221;20px&#8221;][vc_empty_space height=&#8221;20px&#8221;][vc_empty_space height=&#8221;20px&#8221;][vc_empty_space height=&#8221;20px&#8221;][\/vc_column][\/vc_row][vc_row css_animation=&#8221;&#8221; row_type=&#8221;row&#8221; use_row_as_full_screen_section=&#8221;no&#8221; type=&#8221;grid&#8221; angled_section=&#8221;no&#8221; text_align=&#8221;left&#8221; background_image_as_pattern=&#8221;without_pattern&#8221;][vc_column css=&#8221;.vc_custom_1491984129094{margin-top: -46px !important;border-right-width: 1px !important;padding-top: 0px !important;padding-right: 48px !important;padding-left: 48px !important;background-color: #ffffff !important;border-right-color: #eae9e9 !important;border-right-style: solid !important;}&#8221; offset=&#8221;vc_col-lg-4 vc_col-md-4&#8243;][vc_single_image image=&#8221;948&#8243; img_size=&#8221;400&#215;300&#8243; onclick=&#8221;custom_link&#8221; qode_css_animation=&#8221;&#8221; link=&#8221;http:\/\/scielarki.pl\/?page_id=809&#8243;][vc_empty_space height=&#8221;20px&#8221;][vc_column_text el_class=&#8221;http:\/\/scielarki.pl\/?page_id=809&#8243;]<\/p>\n<h4 style=\"text-align: center;\"><strong>\u015aCIELARKI<\/strong><\/h4>\n<p>[\/vc_column_text][vc_empty_space height=&#8221;20px&#8221;][vc_empty_space height=&#8221;20px&#8221;][vc_empty_space height=&#8221;20px&#8221;][vc_empty_space height=&#8221;20px&#8221;][vc_empty_space height=&#8221;20px&#8221;][\/vc_column][vc_column css=&#8221;.vc_custom_1491984133924{margin-top: -46px !important;border-right-width: 1px !important;border-bottom-width: 0px !important;border-left-width: 0px !important;padding-top: 0px !important;padding-right: 48px !important;padding-bottom: 0px !important;padding-left: 48px !important;background-color: #ffffff !important;border-left-color: #eae9e9 !important;border-left-style: solid !important;border-right-color: #eae9e9 !important;border-right-style: solid !important;border-bottom-color: #eae9e9 !important;border-bottom-style: solid !important;}&#8221; offset=&#8221;vc_col-lg-4 vc_col-md-4&#8243;][vc_single_image image=&#8221;885&#8243; img_size=&#8221;400&#215;300&#8243; onclick=&#8221;custom_link&#8221; qode_css_animation=&#8221;&#8221; link=&#8221;http:\/\/scielarki.pl\/?page_id=136&#8243;][vc_empty_space height=&#8221;20px&#8221;][vc_column_text]<\/p>\n<h4 style=\"text-align: center;\"><strong>\u015aCIELARKI DO KURNIKA<\/strong><\/h4>\n<p>[\/vc_column_text][vc_empty_space height=&#8221;20px&#8221;][vc_empty_space height=&#8221;20px&#8221;][vc_empty_space height=&#8221;20px&#8221;][vc_empty_space height=&#8221;20px&#8221;][\/vc_column][vc_column css=&#8221;.vc_custom_1492515599080{margin-top: -46px !important;border-right-width: 1px !important;padding-top: 0px !important;padding-right: 48px !important;padding-left: 48px !important;background-color: #ffffff !important;border-right-color: #ffffff !important;border-right-style: solid !important;}&#8221; offset=&#8221;vc_col-lg-4 vc_col-md-4&#8243;][vc_single_image image=&#8221;1783&#8243; img_size=&#8221;400&#215;300&#8243; onclick=&#8221;custom_link&#8221; qode_css_animation=&#8221;&#8221; link=&#8221;http:\/\/scielarki.pl\/?page_id=843&#8243;][vc_empty_space height=&#8221;20px&#8221;][vc_column_text]<\/p>\n<h4 style=\"text-align: center;\"><strong>\u015aCIELARKI DO S\u0141OMY<\/strong><\/h4>\n<p>[\/vc_column_text][vc_empty_space height=&#8221;20px&#8221;][vc_empty_space height=&#8221;20px&#8221;][vc_empty_space height=&#8221;20px&#8221;][vc_empty_space height=&#8221;20px&#8221;][\/vc_column][\/vc_row][vc_row css_animation=&#8221;&#8221; row_type=&#8221;row&#8221; use_row_as_full_screen_section=&#8221;no&#8221; type=&#8221;grid&#8221; angled_section=&#8221;no&#8221; text_align=&#8221;left&#8221; background_image_as_pattern=&#8221;without_pattern&#8221; padding_top=&#8221;40&#8243; z_index=&#8221;&#8221;][vc_column css=&#8221;.vc_custom_1491984129094{margin-top: -46px !important;border-right-width: 1px !important;padding-top: 0px !important;padding-right: 48px !important;padding-left: 48px !important;background-color: #ffffff !important;border-right-color: #eae9e9 !important;border-right-style: solid !important;}&#8221; offset=&#8221;vc_col-lg-4 vc_col-md-4&#8243;][vc_single_image image=&#8221;922&#8243; img_size=&#8221;400&#215;300&#8243; onclick=&#8221;custom_link&#8221; qode_css_animation=&#8221;&#8221; link=&#8221;http:\/\/scielarki.pl\/?page_id=855&#8243;][vc_empty_space height=&#8221;20px&#8221;][vc_column_text]<\/p>\n<h4 style=\"text-align: center;\">R\u00d3WNIARKI DO BOKS\u00d3W LEGOWISKOWYCH<\/h4>\n<p>[\/vc_column_text][vc_empty_space height=&#8221;20px&#8221;][vc_empty_space height=&#8221;30px&#8221;][\/vc_column][vc_column css=&#8221;.vc_custom_1492515599080{margin-top: -46px !important;border-right-width: 1px !important;padding-top: 0px !important;padding-right: 48px !important;padding-left: 48px !important;background-color: #ffffff !important;border-right-color: #ffffff !important;border-right-style: solid !important;}&#8221; offset=&#8221;vc_col-lg-4 vc_col-md-4&#8243;][vc_single_image image=&#8221;966&#8243; img_size=&#8221;400&#215;300&#8243; onclick=&#8221;custom_link&#8221; qode_css_animation=&#8221;&#8221; link=&#8221;http:\/\/scielarki.pl\/?page_id=1007&#8243;][vc_empty_space height=&#8221;20px&#8221;][vc_column_text]<\/p>\n<h4 style=\"text-align: center;\">WYCINAKI<\/h4>\n<p>[\/vc_column_text][vc_empty_space height=&#8221;20px&#8221;][vc_empty_space height=&#8221;30px&#8221;][\/vc_column][vc_column css=&#8221;.vc_custom_1491984133924{margin-top: -46px !important;border-right-width: 1px !important;border-bottom-width: 0px !important;border-left-width: 0px !important;padding-top: 0px !important;padding-right: 48px !important;padding-bottom: 0px !important;padding-left: 48px !important;background-color: #ffffff !important;border-left-color: #eae9e9 !important;border-left-style: solid !important;border-right-color: #eae9e9 !important;border-right-style: solid !important;border-bottom-color: #eae9e9 !important;border-bottom-style: solid !important;}&#8221; offset=&#8221;vc_col-lg-4 vc_col-md-4&#8243;][vc_single_image image=&#8221;1060&#8243; img_size=&#8221;400&#215;300&#8243; onclick=&#8221;custom_link&#8221; qode_css_animation=&#8221;&#8221; link=&#8221;http:\/\/scielarki.pl\/?page_id=1158&#8243;][vc_empty_space height=&#8221;20px&#8221;][vc_column_text]<\/p>\n<h4 style=\"text-align: center;\"><strong>INNE MASZYNY<\/strong><\/h4>\n<p>[\/vc_column_text][vc_empty_space height=&#8221;20px&#8221;][vc_empty_space height=&#8221;30px&#8221;][\/vc_column][\/vc_row][vc_row css_animation=&#8221;&#8221; row_type=&#8221;row&#8221; use_row_as_full_screen_section=&#8221;no&#8221; type=&#8221;grid&#8221; angled_section=&#8221;no&#8221; text_align=&#8221;left&#8221; background_image_as_pattern=&#8221;without_pattern&#8221;][vc_column css=&#8221;.vc_custom_1491984133924{margin-top: -46px !important;border-right-width: 1px !important;border-bottom-width: 0px !important;border-left-width: 0px !important;padding-top: 0px !important;padding-right: 48px !important;padding-bottom: 0px !important;padding-left: 48px !important;background-color: #ffffff !important;border-left-color: #eae9e9 !important;border-left-style: solid !important;border-right-color: #eae9e9 !important;border-right-style: solid !important;border-bottom-color: #eae9e9 !important;border-bottom-style: solid !important;}&#8221; offset=&#8221;vc_col-lg-4 vc_col-md-4&#8243;][vc_single_image image=&#8221;763&#8243; img_size=&#8221;400&#215;300&#8243; onclick=&#8221;custom_link&#8221; qode_css_animation=&#8221;&#8221; link=&#8221;http:\/\/scielarki.pl\/?page_id=869&#8243;][vc_empty_space height=&#8221;20px&#8221;][vc_column_text]<\/p>\n<h4 style=\"text-align: center;\"><strong>TECHNIKA SILOSOWANIA<\/strong><\/h4>\n<p>[\/vc_column_text][vc_empty_space height=&#8221;20px&#8221;][vc_empty_space height=&#8221;30px&#8221;][\/vc_column][vc_column css=&#8221;.vc_custom_1492515599080{margin-top: -46px !important;border-right-width: 1px !important;padding-top: 0px !important;padding-right: 48px !important;padding-left: 48px !important;background-color: #ffffff !important;border-right-color: #ffffff !important;border-right-style: solid !important;}&#8221; offset=&#8221;vc_col-lg-4 vc_col-md-4&#8243;][vc_single_image image=&#8221;765&#8243; img_size=&#8221;400&#215;300&#8243; onclick=&#8221;custom_link&#8221; qode_css_animation=&#8221;&#8221; link=&#8221;http:\/\/scielarki.pl\/?page_id=877&#8243;][vc_empty_space height=&#8221;20px&#8221;][vc_column_text]<\/p>\n<h4 style=\"text-align: center;\"><strong>MASZYNY DO ROB\u00d3T ZIEMNYCH<\/strong><\/h4>\n<p>[\/vc_column_text][vc_empty_space height=&#8221;20px&#8221;][vc_empty_space height=&#8221;30px&#8221;][\/vc_column][vc_column css=&#8221;.vc_custom_1491984129094{margin-top: -46px !important;border-right-width: 1px !important;padding-top: 0px !important;padding-right: 48px !important;padding-left: 48px !important;background-color: #ffffff !important;border-right-color: #eae9e9 !important;border-right-style: solid !important;}&#8221; offset=&#8221;vc_col-lg-4 vc_col-md-4&#8243;][\/vc_column][\/vc_row][vc_row css_animation=&#8221;&#8221; row_type=&#8221;row&#8221; use_row_as_full_screen_section=&#8221;no&#8221; type=&#8221;grid&#8221; angled_section=&#8221;no&#8221; text_align=&#8221;center&#8221; background_image_as_pattern=&#8221;without_pattern&#8221; z_index=&#8221;&#8221;][vc_column width=&#8221;1\/3&#8243; css=&#8221;.vc_custom_1558425966820{padding-top: 49px !important;padding-bottom: 0px !important;}&#8221;][vc_empty_space height=&#8221;20px&#8221;][\/vc_column][vc_column width=&#8221;1\/3&#8243; css=&#8221;.vc_custom_1572504513563{padding-left: 63px !important;}&#8221;][vc_empty_space height=&#8221;20px&#8221;][vc_column_text]<\/p>\n<p style=\"text-align: center;\">[avc_visit_counter border_size=&#8221;1&#8243; border_radius=&#8221;0&#8243; background_color=&#8221;#ffffff&#8221; font_size=&#8221;12&#8243; font_style=&#8221;&#8221; font_color=&#8221;#000000&#8243; counter_label=&#8221;Odwiedzin:&#8221; border_color=&#8221;#000000&#8243; border_style=&#8221;solid&#8221; padding=&#8221;5&#8243; width=&#8221;300&#8243; ]<\/p>\n<p>[\/vc_column_text][\/vc_column][vc_column width=&#8221;1\/3&#8243;][vc_empty_space height=&#8221;20px&#8221;][\/vc_column][\/vc_row][vc_row css_animation=&#8221;&#8221; row_type=&#8221;row&#8221; use_row_as_full_screen_section=&#8221;no&#8221; type=&#8221;full_width&#8221; angled_section=&#8221;no&#8221; text_align=&#8221;left&#8221; background_image_as_pattern=&#8221;without_pattern&#8221;][vc_column][vc_empty_space height=&#8221;30px&#8221;][vc_empty_space height=&#8221;30px&#8221;][\/vc_column][\/vc_row]<\/p>\n","protected":false},"excerpt":{"rendered":"<p>[vc_row css_animation=&#8221;&#8221; row_type=&#8221;row&#8221; use_row_as_full_screen_section=&#8221;no&#8221; type=&#8221;grid&#8221; angled_section=&#8221;no&#8221; text_align=&#8221;left&#8221; background_image_as_pattern=&#8221;without_pattern&#8221;][vc_column css=&#8221;.vc_custom_1571410139753{margin-top: 0px !important;padding-top: 94px !important;padding-bottom: 0px !important;background-color: #ffffff !important;}&#8221;][vc_column_text] Jeste\u015bmy autoryzowanym przedstawicielem firmy Flingk Machinebouw BV. Oferujemy sprzeda\u017ck \u015bcielarek o wszechstronnym zastosowaniu, wycinak\u00f3w do kiszonek oraz wielu innych maszyn u\u017cywanych w rolnictwie i nie tylko. Nasze ro\u017cne&#8230;<\/p>\n","protected":false},"author":1,"featured_media":0,"parent":0,"menu_order":0,"comment_status":"closed","ping_status":"closed","template":"full_width.php","meta":{"footnotes":""},"_links":{"self":[{"href":"https:\/\/scielarki.pl\/index.php?rest_route=\/wp\/v2\/pages\/7"}],"collection":[{"href":"https:\/\/scielarki.pl\/index.php?rest_route=\/wp\/v2\/pages"}],"about":[{"href":"https:\/\/scielarki.pl\/index.php?rest_route=\/wp\/v2\/types\/page"}],"author":[{"embeddable":true,"href":"https:\/\/scielarki.pl\/index.php?rest_route=\/wp\/v2\/users\/1"}],"replies":[{"embeddable":true,"href":"https:\/\/scielarki.pl\/index.php?rest_route=%2Fwp%2Fv2%2Fcomments&post=7"}],"version-history":[{"count":147,"href":"https:\/\/scielarki.pl\/index.php?rest_route=\/wp\/v2\/pages\/7\/revisions"}],"predecessor-version":[{"id":1798,"href":"https:\/\/scielarki.pl\/index.php?rest_route=\/wp\/v2\/pages\/7\/revisions\/1798"}],"wp:attachment":[{"href":"https:\/\/scielarki.pl\/index.php?rest_route=%2Fwp%2Fv2%2Fmedia&parent=7"}],"curies":[{"name":"wp","href":"https:\/\/api.w.org\/{rel}","templated":true}]}}